.
2, 11
Suppose 50*g - 72048 = 2*g. List the prime factors of g.
19, 79
Let g be (4/10)/(8/(-80)). Let p = g - -10. Let y = 5 + p. What are the prime factors of y?
11
Let y = 537 + -216. List the prime factors of y.
3, 107
Suppose 3*o - 5*f = 4*o + 6, -5*o + f + 100 = 0. Let m(u) = 5*u + 23. List the prime factors of m(o).
2, 59
Suppose 1806 = 4*l - 3*u, 0*l - l - 2*u = -446. List the prime factors of l.
2, 3, 5
Suppose 3*k = 2*k + 2. Suppose 0 = s - k*s + 2. Suppose -s*t - 3*f + 136 = -f, -4*t + 5*f = -317. What are the prime factors of t?
73
Suppose -a + 3*a - 16 = 0. What are the prime factors of 7 + -7 + 8*a?
2
Let f(x) = 2*x**2 - 20*x - 8. Let c be f(15). List the prime factors of 2/((-4)/c)*-1.
71
Suppose 4*c - 21 = -w, 0*c = 2*c - 6. Let l = w + 21. What are the prime factors of l?
2, 3, 5
Suppose 6*c + 245 = 7*c. What are the prime factors of c?
5, 7
Let m be 100/((-15)/(-18) - 1). Let z = m - -381. List the prime factors of (-3)/(-4) - z/12.
19
Suppose 13*h = 9*h + 80. Suppose -4*t = 5*c + 59, -5*t - 1 = -4*t. Let f = h - c. What are the prime factors of f?
31
Suppose 0 = 5*m - 20 - 150. Suppose m*o - 37*o + 393 = 0. What are the prime factors of o?
131
Suppose 3*t + 236 = 1583. What are the prime factors of t?
449
Suppose 5*j - 3*t + 0*t + 71 = 0, j = 5*t - 23. Let n = 14 + j. List the prime factors of n*(2 + 42 - 1).
43
Suppose 0 = 2*b + 5*p - 318 - 78, -4*p = -2*b + 396. List the prime factors of b.
2, 3, 11
Suppose -9*g - g + 5100 = 0. What are the prime factors of g?
2, 3, 5, 17
Let s be ((-216)/30)/(9/(-30)). Suppose 0*k - s = -k. List the prime factors of k.
2, 3
Let s be ((-626)/4)/1*(15 + -17). Suppose 4*t - s = -5*c, -t + 2*c - 76 = -2*t. What are the prime factors of t?
2, 41
Let b(q) be the first derivative of q**4/12 - q**3/2 - 2*q**2 - 11. Let f(j) be the second derivative of b(j). What are the prime factors of f(4)?
5
Suppose 3*k = -4*x + 20, 5*k - 13 + 57 = 3*x. Let r = 8 - x. Suppose 3*t - 114 = -r*t. List the prime factors of t.
2, 19
What are the prime factors of (-5)/(-20) - 5466/(-24)?
2, 3, 19
Let n(r) = -r**3 - 2*r**2 - 2*r + 5. Suppose -12 = i + 3*i. What are the prime factors of n(i)?
2, 5
Suppose 4*w + 0*w = 664. Let v = w + 64. List the prime factors of v.
2, 5, 23
Let l be (36/(-30))/(6/(-20)). Suppose -q = -5*b, -4*q = l*b - 7 - 17. Suppose 4*j = k + 108, q*j + 5*k - 104 = 2*j. What are the prime factors of j?
2, 7
Let j(m) = 2*m - 27. Let q be j(12). What are the prime factors of (q/(-2))/(6/56)?
2, 7
Let r = 15 - 23. Let i be 21/5 + r/(-10). Suppose 47 + 93 = i*p. What are the prime factors of p?
2, 7
Suppose -2*x - x = 2*w + 1206, 2*w - 6 = 0. Let o = -118 - x. List the prime factors of o.
2, 11, 13
What are the prime factors of 12 + 12 + 2380 + -9?
5, 479
List the prime factors of 3/((84/160)/7).
2, 5
Let p(h) = h - 3. Let q(m) = m. Let t(l) = p(l) - 6*q(l). Let v = 8 - 13. List the prime factors of t(v).
2, 11
Let t(i) = 3*i**3 + i**2 + 4*i + 10. Let s(g) = 5*g**3 + 2*g**2 + 9*g + 19. Let q(n) = -4*s(n) + 7*t(n). What are the prime factors of q(5)?
2, 3
Suppose 0*q + 4*q = -2*l + 14690, 5*l = -2*q + 7341. List the prime factors of q.
3673
Suppose 22 = 2*w - 1164. Suppose -5*g + w = 38. What are the prime factors of g?
3, 37
Let o(j) = j**2 + 2*j + 19. What are the prime factors of o(-25)?
2, 3, 11
Let h be -1 + -2 - 1*14. Let u = h - -26. Suppose -5*n + u*n = 112. What are the prime factors of n?
2, 7
Suppose -4*d + 559 + 529 = 0. Let u = -138 + d. What are the prime factors of u?
2, 67
Suppose 2*a - 65 - 461 = -4*s, 2*s + 1032 = 4*a. What are the prime factors of a?
7, 37
Suppose 4*y + 5*x - 21 = 0, -y + 2*x = 2*y + 13. List the prime factors of 6/(-10) - y - (-10360)/100.
2, 13
Let s = 30 - 38. Let t(q) = -q**3 - 8*q**2 - 2*q - 16. Let d be t(s). Suppose 5*a - 4*a - 30 = d. List the prime factors of a.
2, 3, 5
Let o = 24 + -27. List the prime factors of 8*6/o*-1.
2
Let p = 329 + -118. Let c = 353 - p. List the prime factors of c.
2, 71
Let m be -62*5/10*-1. Let n = 26 - m. List the prime factors of (2 - n)/((-2)/(-4)).
2, 7
Let q(p) = p**3 - 6*p**2 + 5*p + 4. Let k be q(5). Let r(m) = 10*m - 1. Let i be r(k). What are the prime factors of 3 + 1*-4 + i?
2, 19
Let y(k) = 31*k**2 + k + 1. Let i be y(-1). Let v = 31 - i. Suppose 16 = 4*w, -c + 27 = -5*w - v. What are the prime factors of c?
47
Let d(y) = -5*y - 12. Let n be d(2). List the prime factors of (6/(-4))/(1/n).
3, 11
Let d = 6 + -10. Let k(c) = c**2 - 12*c + 56. Let o be k(6). What are the prime factors of d/o - (-1064)/20?
53
Let s(t) = t**2 + 6*t + 10. Let o be s(-3). What are the prime factors of (-2)/((-4)/220*o)?
2, 5, 11
Suppose -n + a + 23 = 0, 0*n - 4*a - 73 = -3*n. Let t(f) = f + 2. Let l be t(n). Suppose 25*b - l*b - 204 = 0. List the prime factors of b.
3, 17
Let c be -9*((-8)/6)/(-4). Let o be c/1*(-12)/(-9). Let x = o + 13. What are the prime factors of x?
3
Suppose 3*h - 5*l = 3665, -5*h = -3*l - 2696 - 3391. List the prime factors of h.
3, 5
Suppose 2*u - 1541 = 3*i + 1575, 4 = -i. What are the prime factors of u?
2, 97
Suppose 2*s - 7*s = -510. Let p = s - 47. List the prime factors of p.
5, 11
Suppose 6*s = -3*h + s + 135, 0 = -3*h + 4*s + 162. Suppose -3*w = -15 + 27. What are the prime factors of (16/(-4))/(w/h)?
2, 5
Suppose -4613 + 13342 = 7*z. List the prime factors of z.
29, 43
Let z be 3/(12/16) + 2. Suppose -3*u + z = 3. Let y(q) = 13*q**3 - q**2. List the prime factors of y(u).
2, 3
Suppose 0*w + w - 147 = 0. Suppose -633 = -5*q + w. What are the prime factors of q?
2, 3, 13
Let h(r) = -55*r + 33. List the prime factors of h(-4).
11, 23
Suppose -8 - 12 = -4*b. What are the prime factors of b?
5
Let z(l) = -l**3 - 18*l**2 - 17*l - 3. Let h be z(-17). List the prime factors of 30*(-6)/h - -3.
3, 7
Let c = 228 + -220. List the prime factors of c.
2
Suppose 1812 = 4*l - a, -3*a = 181*l - 177*l - 1812. What are the prime factors of l?
3, 151
Let w(p) = -p**2 + 10*p + 21. Let x(k) = k**2 - k - 2. Let u be x(4). What are the prime factors of w(u)?
3, 7
Let j = -103 - -111. What are the prime factors of (4 - j) + 1 + 102?
3, 11
Let d(c) = -5*c + 33. Let r be d(7). List the prime factors of 8*(-244)/(-8) - r.
2, 3, 41
Let u(p) = -p**3 + 3*p**2 + 2. Let k(v) = -v - 5. Let w be k(-8). Let n be u(w). Suppose n*b - 116 = -2*t, -t + 2*t + 174 = 3*b. List the prime factors of b.
2, 29
What are the prime factors of (-773395)/(-245) + (-6)/(-21)?
7, 11, 41
Let c = 24 + -48. Let y be (-30)/(-4)*c/18. Let a(u) = -u**3 - 9*u**2 + 10*u + 15. What are the prime factors of a(y)?
3, 5
Let j = -2722 - -4313. What are the prime factors of j?
37, 43
List the prime factors of ((-180)/(-120))/((-2)/1932*-1).
3, 7, 23
Let k = 193 - 100. What are the prime factors of k?
3, 31
Let x = -7 - -7. Suppose 5 = -3*i - 5*j, x = i - 5*i - 5*j. Suppose 0 = 5*a + i*z - 4 - 26, -34 = -3*a + z. List the prime factors of a.
2, 5
Let c = 7 - 3. Let l = c - -20. What are the prime factors of l?
2, 3
Let a be 3/((-6)/(-2)) - -4. Suppose 0 = a*u + 1490 + 50. List the prime factors of 2/1 - u/7.
2, 23
Let r(b) = -b**2 - 21*b - 11. Let j be (-2)/(-3)*(5 - (12 - -5)). List the prime factors of r(j).
3, 31
Suppose 9 = -3*v, 5*f + 54 = v + v. Let q be (-51)/(-12) + 3/f. Suppose -q*w = -w - 66. What are the prime factors of w?
2, 11
List the prime factors of (9/6 + -1)/(3/522).
3, 29
Let b be 155/(-40) - (-4)/(-32). Let d(l) = -57*l - 30. List the prime factors of d(b).
2, 3, 11
Let m(g) be the first derivative of g**2 - 39*g + 4. Let n be m(0). Let o = -25 - n. List the prime factors of o.
2, 7
Let f(i) = -8*i + 8. Suppose -24*c = -20*c. Suppose c = -3*k + 4*z - 3, z - 6 = 3*k - 2*z. List the prime factors of f(k).
2, 3
Let a(p) = -2*p**3 - 3*p**2. Let j be 1/2*1*-8. Let l be (-1 - 0)*(j - -7). List the prime factors of a(l).
3
Suppose -5*u + 3 + 192 = 0. Let n = 132 + -134. List the prime factors of (2 + n - 3) + u.
2, 3
Let w = -235 + 1284. List the prime factors of w.
1049
Suppose 632 = 2*o - 3*d, -o + 1264 = 3*o + d. List the prime factors of o.
2, 79
Suppose 1729 = 15*p + 4*p. What are the prime factors of p?
7, 13
Let p(q) = -q**3 - 4*q**2 - 2*q + 1. Let b = 38 + -21. Let u = b + -21. List the prime factors of p(u).
3
Let g(j) = -j**3 - 7*j**2 + 4*j - 10. Let 